-x*c + 8 = -94*c. Suppose -12*j + 120 = -c*j. What is the highest common factor of 108 and j?
12
Let n be 1006549/1177 + (-8)/44. Let x be (-4)/14 - 634/(-14). Calculate the greatest common divisor of n and x.
45
Suppose -131*k + 39 = -616. Calculate the highest common factor of k and 2760.
5
Let y(u) = -u**3 - 9*u**2 - 2*u + 12. Let r be y(-10). Let x = 24497 + -24485. What is the greatest common divisor of x and r?
12
Suppose -3*u + u = -336. Let m(g) = 7*g - 56. Let r be m(8). Suppose -2*z + 86 = 2*a, -z + 85 = 2*a - r*z. Calculate the highest common divisor of u and a.
42
Suppose 0 = 7*t - 12*t - 20. Let o be 28 + (-3 - (t + 5)). Let y = -75 - -105. What is the highest common factor of y and o?
6
Suppose 3150 = 78*i + 448 - 2914. What is the highest common factor of 1197 and i?
9
Suppose 2*w + 26 - 100 = 0. Suppose 40*o = w*o + 405. Let l = 147 - o. Calculate the highest common factor of l and 324.
12
Let y = -3147 - -3488. What is the greatest common divisor of y and 4061?
31
Let w(k) = -372*k - 5436. Let x be w(-71). What is the highest common divisor of x and 6?
6
Let g(o) = 15*o + 35. Let q be g(-2). Suppose -p = -q*k + 1263 + 325, 4*p = 2*k - 628. What is the greatest common factor of 6 and k?
6
Let v(p) = -2*p**3 - 4*p**2 + 13*p + 26. Let o(x) = 4*x - 32. Let j be o(7). Let a be v(j). Calculate the highest common factor of 247 and a.
19
Let a(l) = l**2 + 3*l + 12. Let q(w) = -w**3 - 29*w**2 + 30*w - 6. Let t be q(-30). Let d be a(t). Calculate the highest common factor of 90 and d.
30
Let l = -18370 - -18712. Calculate the highest common divisor of 1824 and l.
114
Let o be (-77)/(-7) + (-4)/2. Let d = 333 - 181. Let l = d - 53. Calculate the greatest common divisor of o and l.
9
Suppose 94*m = -8*m + 2000 - 368. Let y(p) = 5*p - 53. Let j be y(13). Calculate the highest common factor of m and j.
4
Let p = 49 - 48. Let r be p + (-7)/5 - (-407)/5. Suppose -4*t = -t - a - 160, 0 = -5*a + 10. Calculate the highest common factor of t and r.
27
Let f be (-4)/(-2)*(-60)/(-8). Let t(v) = 11*v**2 - v**3 + f*v - 4*v - 3*v**2. Let n be t(9). Calculate the highest common divisor of n and 198.
18
Let h = -244 - 46. Let b be (h/(-20))/((-1)/(-6)). What is the highest common divisor of 6 and b?
3
Suppose 0 = 17*q + 15*q - 99968. Calculate the greatest common divisor of 44 and q.
44
Let z = -2113 + 2368. Calculate the highest common divisor of 55 and z.
5
Suppose 33*t - 34560 = 17*t. Suppose 11*r - 8*r - 2*z = 1613, 2*z - t = -4*r. Calculate the greatest common factor of 49 and r.
49
Suppose -1799 = 54*c - 15569. Calculate the highest common divisor of c and 1224.
51
Let a be 3 + (-8 - -3) + 970. Calculate the greatest common divisor of a and 847.
121
Let y(f) = 21*f**2 + 257*f + 14. Let m be y(-28). Calculate the greatest common factor of m and 84.
42
Suppose -77 = 4*k - f - 185, 2*f = -k + 36. Suppose -k*c = -34*c + 234. Calculate the greatest common factor of 624 and c.
39
Suppose -4*x - 2*u + 632 = 0, -632 = -4*x + 26*u - 24*u. Calculate the greatest common factor of x and 46.
2
Suppose -5*g + 3*n - n + 26 = 0, -g = -2*n - 10. Suppose -614 = -2*j - 2*k, -438 = -4*j + g*k + 830. What is the highest common divisor of 36 and j?
12
Let z(d) = -d**3 + 3*d**2 + 3*d. Let i be z(4). Suppose q - 4 - 20 = 0. Let t = q - i. Calculate the greatest common factor of 4 and t.
4
Let d = -3658 + 4769. What is the highest common factor of 101 and d?
101
Let u = 468 + -447. Suppose -u*q + 84 = -17*q. Calculate the highest common divisor of q and 357.
21
Let m be 50*(110 + -6 + 10 + -7). Calculate the greatest common divisor of 100 and m.
50
Let b be ((-55)/(-2))/((-6)/(-12)). Suppose u - l + 5*l = 49, u = -6*l + 61. Calculate the greatest common divisor of b and u.
5
Suppose -4 = -2*x, 0 = 5*q + 3*x + 2*x - 115. Suppose -72 = -q*v + 33. What is the highest common divisor of 3 and v?
1
Let s = -8555 - -8558. Calculate the highest common divisor of s and 855.
3
Suppose 1502 = 30*b + 512. What is the highest common divisor of 8283 and b?
33
Let o(a) = 15*a - 33. Let m = -207 + 219. Let y be o(m). Let h be (27/(-12))/((-6)/112). What is the greatest common divisor of h and y?
21
Let z be 10/(2/(-8) - (-33)/84). Let v be (z/(-25))/(2/(-20)). Suppose -g + v = -50. What is the greatest common factor of g and 195?
39
Suppose 0 = -3*c - 18 - 0. Let o be (51/(-17))/(c/74). Calculate the greatest common divisor of o and 185.
37
Let y = -401 + 402. Let w be 6*(y + 5/(-15)). Calculate the greatest common divisor of 148 and w.
4
Let t = 1227 - 922. Suppose 5*o + 3*l - 52 = 0, -o + 16 = 3*l - 4. Suppose t = o*m - 47. Calculate the greatest common factor of 308 and m.
44
Let j(h) = 5*h. Let u be j(3). Let r(g) = -3*g**2 - 219*g - 975. Let i be r(-68). Calculate the greatest common factor of u and i.
15
Let n = 131 - 128. Suppose o - 9 = 2*h, 4*o + h = n*h + 12. What is the highest common factor of o and 12?
1
Let q = -21 + 37. Suppose 2*m - q = -4*g, 0 = m + 2*g + g - 9. Suppose -m*p + 160 = -8. What is the greatest common factor of p and 252?
28
Let s be ((-2 - 0) + 14)*7/28. Suppose -4*k = 76*y - 72*y - 648, 2*y = s*k - 466. What is the greatest common factor of 2 and k?
2
Let i be (2 + 1)/((-5)/(-305)*-1). Let j = i + 367. Calculate the highest common factor of 115 and j.
23
Let f be 31078/5 + (-40)/(-100). Calculate the greatest common divisor of f and 24.
24
Let g = 115 - 108. Let l(s) = -3*s + 6. Let u be l(4). Let x be 233/3 + 4/u. What is the greatest common divisor of g and x?
7
Let a = 8677 - 6618. Calculate the greatest common divisor of a and 213.
71
Let o be -21*(-212)/18 - -1*3/(-9). What is the highest common factor of 12103 and o?
247
Suppose 277 = l - v, -5*v = -2*v. Let h = -408 - l. Let f be h/(-25) + 6/(-15). What is the highest common divisor of f and 135?
27
Let b(z) = 9*z - 13. Suppose -2*n + 5*y + 27 = 0, 15 = 4*n + 2*y - 3. Let q be 132/18 - 2/n. Let g be b(q). Calculate the highest common factor of g and 250.
50
Let y be -10*((-3)/6 - 1). Let m = 69357 + -69317. Calculate the greatest common factor of y and m.
5
Let x(d) = 30*d + 1590. Let y be x(-43). What is the greatest common factor of y and 9300?
300
Suppose 5*c - 13*y + 9*y = 964, -y + 200 = c. Suppose -c = -8*k + 76. Calculate the highest common factor of 34 and k.
34
Suppose -2*q + 40 = 5*o - 34, -q + 38 = 2*o. Let c be (189/q)/((-6)/(-40)). Calculate the greatest common divisor of c and 120.
30
Suppose d = c - 3, -2*c = -c + 2*d. Suppose c*z + 27*z = 2349. Calculate the greatest common divisor of z and 3.
3
Let p = -5 + -1. Let x be (3 + -3 - p)/(-2). Let z be (-3 - (x - -4))*-2. Calculate the greatest common divisor of 56 and z.
8
Let j(s) = 143*s + 129. Let t be j(13). Calculate the greatest common divisor of t and 28.
28
Let q(d) = 20*d**2 + 73*d - 9. Let a be q(-4). What is the highest common divisor of 11723 and a?
19
Let z be (-553)/(-49)*1 - 2/7. Suppose -7*o + z*o = 3*a - 13, -o + 30 = 4*a. Let u be 1/(-2 + 86/42). Calculate the greatest common divisor of u and a.
7
Let r = 327 - 261. Suppose -5*s + 7 = -4*s - 4*i, 3*s - r = 3*i. What is the greatest common divisor of 18 and s?
9
Let y be ((11 - 8) + 993)/(-1*(-3)/4). Calculate the greatest common factor of 32 and y.
16
Suppose 9945*q - 9994*q + 8232 = 0. Suppose 0 = 3*r - 10 - 5. Suppose 0*d = r*d - 105. What is the greatest common divisor of d and q?
21
Suppose -5*r + 2*x + 4232 = 971, 0 = 5*r + 2*x - 3249. Calculate the greatest common divisor of r and 42.
21
Suppose -470*v - 70 = -477*v. What is the greatest common factor of v and 775?
5
Suppose -2*i + 8*q = 3*q - 22, 4*q + 16 = 0. Let n be 9/i - 2*(-2)/4. Calculate the greatest common divisor of 20 and n.
10
Let n(x) = 2*x**2 + 2*x - 4. Suppose -3*f + 6 = -0*f. Let w be n(f). Let a be 3*1/(-3) + 97. What is the greatest common factor of w and a?
8
Suppose -5494 = 6*x - 25990. What is the greatest common divisor of 224 and x?
56
Let y(a) = a**3 + 11*a**2 - 11*a - 44. Let o be y(-12). Let n be ((o/(-3))/2)/((-10)/(-45)). What is the greatest common divisor of 546 and n?
42
Suppose -6*l + l = -240. Let p = -96126 + 96158. Calculate the highest common divisor of l and p.
16
Let a = 4636 - -4114. Calculate the greatest common divisor of 10 and a.
10
Let n = 282 - 309. Let b be (3 - 